{"id":149,"date":"2019-07-04T20:54:03","date_gmt":"2019-07-04T18:54:03","guid":{"rendered":"http:\/\/studiominnakoski.com\/?page_id=149"},"modified":"2022-07-19T00:22:27","modified_gmt":"2022-07-18T22:22:27","slug":"opettajat","status":"publish","type":"page","link":"http:\/\/studiominnakoski.com\/?page_id=149","title":{"rendered":"Opettajat"},"content":{"rendered":"<p><img loading=\"lazy\" decoding=\"async\" class=\"alignnone size-medium wp-image-173\" src=\"http:\/\/studiominnakoski.com\/wp-content\/uploads\/2019\/07\/IMG-7226-225x300.jpg\" alt=\"\" width=\"225\" height=\"300\" srcset=\"http:\/\/studiominnakoski.com\/wp-content\/uploads\/2019\/07\/IMG-7226-225x300.jpg 225w, http:\/\/studiominnakoski.com\/wp-content\/uploads\/2019\/07\/IMG-7226.jpg 720w\" sizes=\"(max-width: 225px) 100vw, 225px\" \/>\u00a0 \u00a0 <strong>Minna Koski-Orpana<\/strong><\/p>\n<p>Minna on Tanssistudio Minna Kosken perustaja ja p\u00e4\u00e4asiallinen opettaja.\u00a0 Minnan opetusryhmiin tanssistudiolla kuuluvat satubalettiryhm\u00e4t, kaikki balettiryhm\u00e4t, jazztanssiryhm\u00e4, tanssiakrot sek\u00e4 Danzare.<\/p>\n<p>Minna tekee p\u00e4\u00e4osin tanssin\u00e4yt\u00f6sten koreografiat sek\u00e4 Danzaren kilpakoreografiat, suunnittelee n\u00e4yt\u00f6kset ja paljon muuta, mit\u00e4 tanssistudion py\u00f6ritykseen kuuluu.<\/p>\n<p>H\u00e4n on tanssinut nuoruudessaan jazztanssia, balettia ja kansantansseja.\u00a0 Minna on my\u00f6s kilpaillut kansantanssista (esim. SM kultaa) ja esiintynyt ryhm\u00e4n mukana Pohjoismaissa ja Unkarissa ja Ven\u00e4j\u00e4ll\u00e4. My\u00f6s jazztanssista ym. ryhm\u00e4tansseista Minnalla on mitaleja Suomen ammattikoulun kulttuurikisoista sek\u00e4 tanssijana, koreografina ett\u00e4 opettajana sek\u00e4 kunniamaininta yksintanssista. My\u00f6s jazztanssista Minna on k\u00e4ynyt esiintym\u00e4ss\u00e4 Tanssistudio Katariina Uurron mukana Pohjoismaissa.<\/p>\n<p>Aikuisena h\u00e4n on tanssinut it\u00e4maista tanssia sek\u00e4 kokeillut esim. steppi\u00e4 ja showtanssia.\u00a0 Minna on ylioppilaaksi p\u00e4\u00e4syn j\u00e4lkeen kouluttautunut tanssinopettajaksi, mallipukineiden valmistajaksi ja modistiksi ja useammat esiintymisasut n\u00e4yt\u00f6ksiss\u00e4 ja kisoissa ovat h\u00e4nen suunnittelemiaan ja ompelemiaan.<\/p>\n","protected":false},"excerpt":{"rendered":"<p>\u00a0 \u00a0 Minna Koski-Orpana Minna on Tanssistudio Minna Kosken perustaja ja p\u00e4\u00e4asiallinen opettaja.\u00a0 Minnan opetusryhmiin tanssistudiolla kuuluvat satubalettiryhm\u00e4t, kaikki balettiryhm\u00e4t, jazztanssiryhm\u00e4, tanssiakrot sek\u00e4 Danzare. Minna tekee p\u00e4\u00e4osin tanssin\u00e4yt\u00f6sten koreografiat sek\u00e4 Danzaren kilpakoreografiat, suunnittelee n\u00e4yt\u00f6kset ja paljon muuta, mit\u00e4 tanssistudion py\u00f6ritykseen kuuluu. H\u00e4n on tanssinut nuoruudessaan jazztanssia, balettia ja kansantansseja.\u00a0 Minna on my\u00f6s kilpaillut kansantanssista (esim. &hellip; <a href=\"http:\/\/studiominnakoski.com\/?page_id=149\" class=\"more-link\">Jatka artikkeliin <span class=\"screen-reader-text\">Opettajat<\/span><\/a><\/p>\n","protected":false},"author":2,"featured_media":0,"parent":0,"menu_order":0,"comment_status":"closed","ping_status":"closed","template":"","meta":{"footnotes":""},"_links":{"self":[{"href":"http:\/\/studiominnakoski.com\/index.php?rest_route=\/wp\/v2\/pages\/149"}],"collection":[{"href":"http:\/\/studiominnakoski.com\/index.php?rest_route=\/wp\/v2\/pages"}],"about":[{"href":"http:\/\/studiominnakoski.com\/index.php?rest_route=\/wp\/v2\/types\/page"}],"author":[{"embeddable":true,"href":"http:\/\/studiominnakoski.com\/index.php?rest_route=\/wp\/v2\/users\/2"}],"replies":[{"embeddable":true,"href":"http:\/\/studiominnakoski.com\/index.php?rest_route=%2Fwp%2Fv2%2Fcomments&post=149"}],"version-history":[{"count":6,"href":"http:\/\/studiominnakoski.com\/index.php?rest_route=\/wp\/v2\/pages\/149\/revisions"}],"predecessor-version":[{"id":335,"href":"http:\/\/studiominnakoski.com\/index.php?rest_route=\/wp\/v2\/pages\/149\/revisions\/335"}],"wp:attachment":[{"href":"http:\/\/studiominnakoski.com\/index.php?rest_route=%2Fwp%2Fv2%2Fmedia&parent=149"}],"curies":[{"name":"wp","href":"https:\/\/api.w.org\/{rel}","templated":true}]}}