{"id":14,"date":"2017-01-08T21:46:58","date_gmt":"2017-01-08T21:46:58","guid":{"rendered":"http:\/\/studiominnakoski.com\/?page_id=14"},"modified":"2025-08-04T00:54:14","modified_gmt":"2025-08-03T22:54:14","slug":"vuosiohjelma-2017","status":"publish","type":"page","link":"http:\/\/studiominnakoski.com\/?page_id=14","title":{"rendered":"Tanssivuosi 2025-2026"},"content":{"rendered":"<p><img loading=\"lazy\" decoding=\"async\" class=\"alignnone size-medium wp-image-114\" src=\"http:\/\/studiominnakoski.com\/wp-content\/uploads\/2018\/07\/IMG-2373-300x200.jpg\" alt=\"\" width=\"300\" height=\"200\" srcset=\"http:\/\/studiominnakoski.com\/wp-content\/uploads\/2018\/07\/IMG-2373-300x200.jpg 300w, http:\/\/studiominnakoski.com\/wp-content\/uploads\/2018\/07\/IMG-2373-768x512.jpg 768w, http:\/\/studiominnakoski.com\/wp-content\/uploads\/2018\/07\/IMG-2373-1024x683.jpg 1024w, http:\/\/studiominnakoski.com\/wp-content\/uploads\/2018\/07\/IMG-2373.jpg 2048w\" sizes=\"(max-width: 300px) 100vw, 300px\" \/><\/p>\n<p><strong>Syksy 2025\u00a0 \u00a011.8.-19.12.<\/strong><\/p>\n<ul>\n<li>alkaa ma 11.8.25<\/li>\n<li>syyslomaviikko\u00a0 vkolla 42 13.-17.10. (huom! loma voi olla my\u00f6s eri vkolla &#8211; siit\u00e4 ilmoitetaan ajoissa)<\/li>\n<li><strong>tanssin\u00e4yt\u00f6s joulukuussa\u00a0 <\/strong>Sylv\u00e4\u00e4n koulun auditoriossa ja samana p\u00e4iv\u00e4n\u00e4 kenraaliharjoitus ennen n\u00e4yt\u00f6st\u00e4 (varmistuu my\u00f6hemmin)<\/li>\n<li>15.12. alkavalla viikolla (vko 51) ei normaaleja tanssitunteja<strong>.<\/strong> Satubaletti, esibaletti ja baletti alkeet: joulutemppuradat (ma\/ti) &#8211; muut ryhm\u00e4t: joulutanssitunnit (ma\/ti). Tarkemmista ajankohdista tulee tietoa my\u00f6hemmin<\/li>\n<\/ul>\n<p><strong>Huom! Muutokset mahdollisia. Niist\u00e4 tiedotetaan hyviss\u00e4 ajoin etuk\u00e4teen oppilaille.<\/strong><\/p>\n<p>Syksyn aikana j\u00e4rjestet\u00e4\u00e4n mahdollisesti kursseja ym. &#8211; seuraa ilmoittelua facebookissa ja instagramissa.<\/p>\n<p><strong>Kev\u00e4t 2026\u00a0 \u00a07.1.-22.5.<\/strong><\/p>\n<ul>\n<li>alkaa ke 7.1.26 &#8211; ma ja ti tunnit korvataan my\u00f6hemmin ilmoitettavana ajankohtana<\/li>\n<li>Talviloma viikko 9\u00a0 23.-27.2.<\/li>\n<li>P\u00e4\u00e4si\u00e4isen\u00e4 to 2.4. &#8211; ma 6.4. ei ole tunteja, vaan tunnit pidet\u00e4\u00e4n lukuj\u00e4rjestyksen \u00a0mukaan my\u00f6hemmin ilmoitettuna ajankohtana<\/li>\n<li>helatorstaina\u00a0 14.5. ei ole tunteja vaan tunnit pidet\u00e4\u00e4n my\u00f6hemmin ilmoitettavana ajankohtana lukuj\u00e4rjestyksen mukaan<\/li>\n<li>Kev\u00e4\u00e4n <strong>tanssin\u00e4yt\u00f6s huhti-toukokuussa<\/strong><\/li>\n<li>viikolla 21 ei normaaleja tanssitunteja<strong>.<\/strong> Satubaletti, esibaletti ja baletti alkeet:\u00a0 temppurata tms\u00a0 &#8211; muut ryhm\u00e4t: kes\u00e4tanssitunnit . Tarkemmista ajankohdista tulee tietoa my\u00f6hemmin.<\/li>\n<\/ul>\n<p><strong>Huom! Muutokset mahdollisia. Niist\u00e4 tiedotetaan hyviss\u00e4 ajoin etuk\u00e4teen oppilaille.<\/strong><\/p>\n<p>Kev\u00e4\u00e4n aikana mahdollisesti kursseja ym. &#8211; seuraa ilmoittelua facebookissa ja instagramissa.<\/p>\n<p><strong>Kes\u00e4\u00a0<\/strong><\/p>\n<ul>\n<li>Tanssikursseja &amp; -leirej\u00e4 sek\u00e4 kes\u00e4tunteja, joista tiedotetaan toukokuussa ja kes\u00e4n aikana<\/li>\n<\/ul>\n","protected":false},"excerpt":{"rendered":"<p>Syksy 2025\u00a0 \u00a011.8.-19.12. alkaa ma 11.8.25 syyslomaviikko\u00a0 vkolla 42 13.-17.10. (huom! loma voi olla my\u00f6s eri vkolla &#8211; siit\u00e4 ilmoitetaan ajoissa) tanssin\u00e4yt\u00f6s joulukuussa\u00a0 Sylv\u00e4\u00e4n koulun auditoriossa ja samana p\u00e4iv\u00e4n\u00e4 kenraaliharjoitus ennen n\u00e4yt\u00f6st\u00e4 (varmistuu my\u00f6hemmin) 15.12. alkavalla viikolla (vko 51) ei normaaleja tanssitunteja. Satubaletti, esibaletti ja baletti alkeet: joulutemppuradat (ma\/ti) &#8211; muut ryhm\u00e4t: joulutanssitunnit (ma\/ti). Tarkemmista &hellip; <a href=\"http:\/\/studiominnakoski.com\/?page_id=14\" class=\"more-link\">Jatka artikkeliin <span class=\"screen-reader-text\">Tanssivuosi 2025-2026<\/span><\/a><\/p>\n","protected":false},"author":1,"featured_media":0,"parent":0,"menu_order":0,"comment_status":"closed","ping_status":"closed","template":"","meta":{"footnotes":""},"_links":{"self":[{"href":"http:\/\/studiominnakoski.com\/index.php?rest_route=\/wp\/v2\/pages\/14"}],"collection":[{"href":"http:\/\/studiominnakoski.com\/index.php?rest_route=\/wp\/v2\/pages"}],"about":[{"href":"http:\/\/studiominnakoski.com\/index.php?rest_route=\/wp\/v2\/types\/page"}],"author":[{"embeddable":true,"href":"http:\/\/studiominnakoski.com\/index.php?rest_route=\/wp\/v2\/users\/1"}],"replies":[{"embeddable":true,"href":"http:\/\/studiominnakoski.com\/index.php?rest_route=%2Fwp%2Fv2%2Fcomments&post=14"}],"version-history":[{"count":24,"href":"http:\/\/studiominnakoski.com\/index.php?rest_route=\/wp\/v2\/pages\/14\/revisions"}],"predecessor-version":[{"id":438,"href":"http:\/\/studiominnakoski.com\/index.php?rest_route=\/wp\/v2\/pages\/14\/revisions\/438"}],"wp:attachment":[{"href":"http:\/\/studiominnakoski.com\/index.php?rest_route=%2Fwp%2Fv2%2Fmedia&parent=14"}],"curies":[{"name":"wp","href":"https:\/\/api.w.org\/{rel}","templated":true}]}}

<p><img loading="lazy" decoding="async" class="alignnone size-medium wp-image-114" src="http://studiominnakoski.com/wp-content/uploads/2018/07/IMG-2373-300x200.jpg" alt="" width="300" height="200" srcset="http://studiominnakoski.com/wp-content/uploads/2018/07/IMG-2373-300x200.jpg 300w, http://studiominnakoski.com/wp-content/uploads/2018/07/IMG-2373-768x512.jpg 768w, http://studiominnakoski.com/wp-content/uploads/2018/07/IMG-2373-1024x683.jpg 1024w, http://studiominnakoski.com/wp-content/uploads/2018/07/IMG-2373.jpg 2048w" sizes="(max-width: 300px) 100vw, 300px" /></p>
<p><strong>Syksy 2025   11.8.-19.12.</strong></p>
<ul>
<li>alkaa ma 11.8.25</li>
<li>syyslomaviikko  vkolla 42 13.-17.10. (huom! loma voi olla myös eri vkolla &#8211; siitä ilmoitetaan ajoissa)</li>
<li><strong>tanssinäytös joulukuussa  </strong>Sylvään koulun auditoriossa ja samana päivänä kenraaliharjoitus ennen näytöstä (varmistuu myöhemmin)</li>
<li>15.12. alkavalla viikolla (vko 51) ei normaaleja tanssitunteja<strong>.</strong> Satubaletti, esibaletti ja baletti alkeet: joulutemppuradat (ma/ti) &#8211; muut ryhmät: joulutanssitunnit (ma/ti). Tarkemmista ajankohdista tulee tietoa myöhemmin</li>
</ul>
<p><strong>Huom! Muutokset mahdollisia. Niistä tiedotetaan hyvissä ajoin etukäteen oppilaille.</strong></p>
<p>Syksyn aikana järjestetään mahdollisesti kursseja ym. &#8211; seuraa ilmoittelua facebookissa ja instagramissa.</p>
<p><strong>Kevät 2026   7.1.-22.5.</strong></p>
<ul>
<li>alkaa ke 7.1.26 &#8211; ma ja ti tunnit korvataan myöhemmin ilmoitettavana ajankohtana</li>
<li>Talviloma viikko 9  23.-27.2.</li>
<li>Pääsiäisenä to 2.4. &#8211; ma 6.4. ei ole tunteja, vaan tunnit pidetään lukujärjestyksen  mukaan myöhemmin ilmoitettuna ajankohtana</li>
<li>helatorstaina  14.5. ei ole tunteja vaan tunnit pidetään myöhemmin ilmoitettavana ajankohtana lukujärjestyksen mukaan</li>
<li>Kevään <strong>tanssinäytös huhti-toukokuussa</strong></li>
<li>viikolla 21 ei normaaleja tanssitunteja<strong>.</strong> Satubaletti, esibaletti ja baletti alkeet:  temppurata tms  &#8211; muut ryhmät: kesätanssitunnit . Tarkemmista ajankohdista tulee tietoa myöhemmin.</li>
</ul>
<p><strong>Huom! Muutokset mahdollisia. Niistä tiedotetaan hyvissä ajoin etukäteen oppilaille.</strong></p>
<p>Kevään aikana mahdollisesti kursseja ym. &#8211; seuraa ilmoittelua facebookissa ja instagramissa.</p>
<p><strong>Kesä </strong></p>
<ul>
<li>Tanssikursseja &amp; -leirejä sekä kesätunteja, joista tiedotetaan toukokuussa ja kesän aikana</li>
</ul>

<p>Syksy 2025   11.8.-19.12. alkaa ma 11.8.25 syyslomaviikko  vkolla 42 13.-17.10. (huom! loma voi olla myös eri vkolla &#8211; siitä ilmoitetaan ajoissa) tanssinäytös joulukuussa  Sylvään koulun auditoriossa ja samana päivänä kenraaliharjoitus ennen näytöstä (varmistuu myöhemmin) 15.12. alkavalla viikolla (vko 51) ei normaaleja tanssitunteja. Satubaletti, esibaletti ja baletti alkeet: joulutemppuradat (ma/ti) &#8211; muut ryhmät: joulutanssitunnit (ma/ti). Tarkemmista &hellip; <a href="http://studiominnakoski.com/?page_id=14" class="more-link">Jatka artikkeliin <span class="screen-reader-text">Tanssivuosi 2025-2026</span></a></p>
